 and b?
6
Suppose -10 = -3*d - t, -10 = -4*d + t + 8. Suppose d*k - 4*q - 368 = 0, q = 6*q + 10. What is the highest common factor of k and 54?
18
Suppose -34*d = -36*d - 78. Let c = 51 + d. What is the highest common divisor of c and 24?
12
Suppose 7*a = 1 + 34. Suppose -2*n - 6 = 0, a*j + 28 = -n + 225. What is the highest common factor of j and 100?
20
Let r be ((-33)/6)/(2/(-4)). Let h be 2/r - (-13832)/154. Suppose -4*b - 56 = -2*w, 6*w - w + 5*b - 200 = 0. Calculate the highest common divisor of h and w.
18
Let g = 399 + -254. Calculate the greatest common factor of g and 15.
5
Let g = 18108 + -18024. What is the highest common factor of 8778 and g?
42
Let n(j) = -7349*j - 18582. Let z be n(-11). Calculate the greatest common divisor of 13 and z.
13
Let o(k) = 2*k**3 - 2*k**2 + k - 6. Let y be ((-42)/56)/(1/(-4)). Let b be o(y). Calculate the greatest common divisor of b and 165.
33
Let x be (4 - 0) + 3 - -17. What is the highest common divisor of x and 16152?
24
Suppose -1714 = -5*j - 3*c, 281 = 2*j - 5*c - 417. Calculate the greatest common divisor of j and 32.
8
Let c(g) = 13*g - 7. Let d be c(3). Let n be (d/(-10))/(24/(-60)). Let p be 74/8 + (-2)/n. Calculate the greatest common divisor of 9 and p.
9
Let r be -3*(-75)/(-9)*-10. Let n be (-18 - -8)*(1 + -2). What is the highest common divisor of r and n?
10
Let r = 44 + -14. Let f = -53 + r. Let m = f - -33. Calculate the highest common divisor of m and 25.
5
Suppose 10*m - 40 = 6*m. Suppose -d = -c - 2, 0 = -d - 5*c + m + 10. Suppose 3*r = 4*r - 1, -25 = -h - d*r. What is the greatest common factor of h and 10?
10
Suppose 8 = -2*z - 2, 5*l - 225 = 3*z. Let y be (9 - 63)/((-2)/(-2)). Let t = -26 - y. What is the highest common factor of t and l?
14
Let v(p) = p**3 - 58*p**2 - 58*p + 46. Let s be v(59). What is the greatest common factor of s and 30?
15
Let p be (-1 + 210/(-3))*1. Let w be p/(-5) + (-8)/40. Let j(a) = 5*a**2 - 24*a - 142. Let m be j(-6). What is the highest common factor of m and w?
14
Suppose 0 = 6*j + 2 + 40. Let q be -3 + (-4 - j)*181. Calculate the highest common factor of q and 20.
20
Suppose -367 = -5*u - 117. Let v be (5/(u/392))/(1/5). Calculate the greatest common factor of v and 28.
28
Let d = -20591 + 20967. What is the highest common divisor of 2350 and d?
94
Let x be (-3)/(-10) + (-182299)/(-370). What is the greatest common factor of 187 and x?
17
Let i(a) = 666*a + 9. Let j be i(9). Calculate the highest common divisor of 145 and j.
29
Let q = -2519 + 2669. What is the highest common factor of 810 and q?
30
Let n be 9/(9/4) - 2. Suppose -260 = -n*v - 90. Suppose 5*d = 66 + 19. Calculate the highest common divisor of d and v.
17
Let a be 40/(-50) - ((-2624)/5)/1. What is the highest common factor of 44 and a?
4
Suppose -15*i = 185 - 50. Let q be (2 + i)*(-224)/8. Let k = -40 + q. Calculate the greatest common factor of 12 and k.
12
Let f(h) = 10*h + 281. Let m be f(-33). Let y be ((-168)/m)/((-3)/(-21)). What is the greatest common factor of y and 54?
6
Let c be (-4324)/(-26) + (-192)/624. Calculate the highest common factor of 2 and c.
2
Let c(t) = -212*t + 6041. Let n be c(28). What is the highest common divisor of n and 595?
35
Suppose 0 = 5*b - 5, -49*b = 2*u - 44*b - 2361. What is the greatest common factor of 38 and u?
38
Let i(m) = 6*m**3 - 7*m**2 - 38*m + 168. Let u be i(4). What is the highest common factor of u and 738?
18
Let u be 1/5 - (-1349)/5. Suppose -38*m + 2*m = -14400. Let g be m/(-64)*24/(-5). Calculate the highest common factor of g and u.
30
Suppose -71*j = -65*j - 30. Suppose j*w + 168 = 573. Calculate the highest common divisor of 9 and w.
9
Suppose -2*q = -3*q + 10. Suppose 7*i + 6*i - 4212 = 0. Let c = i + -319. What is the greatest common factor of c and q?
5
Let g be 5/2*(-96)/(-120) - -2. Let t be (-8)/(24/(-39))*g. Calculate the greatest common divisor of 13 and t.
13
Suppose 4*q - 3524 = 2*r + 2*r, 4*q = 2*r + 3526. Let o = 110 + -92. Calculate the highest common factor of q and o.
18
Suppose -77 = -2*l + 99. Let c be 36/(-90)*(-24 + -3 + 7). What is the highest common divisor of c and l?
8
Suppose 2*j = -y - 1 + 12, 2*j - 2*y = 14. Calculate the highest common divisor of 236 and j.
2
Suppose 145 = 2*g - v, 9*v + 1 = 8*v. Let c = -891 - -1275. What is the highest common factor of c and g?
24
Let n(p) = -2 - 3*p**2 - 4*p + 3*p + 4 + 2*p - 4*p**3. Let a be n(-3). Let l = 1076 + -1066. What is the highest common divisor of a and l?
10
Let i(s) = s + 18. Let l be i(6). Suppose 3*k = 4*v + 548, -k - 61*v + 65*v = -164. What is the highest common divisor of l and k?
24
Suppose -24*j = 3*a - 19*j - 65, 84 = 4*a + 4*j. Calculate the highest common factor of 2220 and a.
20
Let b(v) = 68*v**2 - v + 22. Let z be b(4). Suppose -6*n + z = 8*n. Let g = 366 - n. Calculate the highest common factor of g and 41.
41
Suppose -l + 7 = 0, -9*n + 16*n - 42 = -2*l. What is the highest common divisor of 436 and n?
4
Let g = -472 + 475. Suppose -40 = -2*m + g*w + 161, 0 = m - 3*w - 102. What is the highest common divisor of m and 121?
11
Suppose -114*c - 14*c = 33*c - 1381380. What is the highest common factor of 156 and c?
156
Let z(g) = g + 14. Let p(n) = -n + 1. Let x(b) = 2*p(b) + z(b). Let k be x(5). Suppose 0 = k*f - 30*f + 171. What is the highest common factor of f and 99?
9
Let o be (-1 + 16)*(6 + (-8 - (-1010)/5)). What is the highest common factor of o and 720?
120
Suppose 4*x = 3*t + 37, 6*x - 41 = 3*t + x. Let w be ((9 - -14) + t)*1. Calculate the highest common factor of w and 32.
16
Let x be 8 - (6/(-6)*3 + -2). Let h(d) = 18*d - 64. Let u be h(x). Calculate the greatest common divisor of u and 20.
10
Suppose -2*q + 293 = n, -63*q + 2*n - 136 = -64*q. Calculate the greatest common factor of 186 and q.
6
Let f = -103 + 94. Let g be (-92)/(-12) + (-3)/f. What is the highest common divisor of g and 2?
2
Let t = 26 - 23. Let l(a) = -5 + 16*a - 19*a + 9*a + 3*a. Let q be l(t). What is the greatest common factor of q and 44?
22
Suppose -4*i + i = -7*i. Suppose 2*o + 2 = i, -76 = -4*p + 2*o + 70. What is the highest common factor of p and 45?
9
Let o(b) = -5*b - 7. Let j be o(-2). Suppose -5*k + 3*g + 26 = -43, 0 = j*k + g - 33. Let t be (k - 1) + (-12)/3. What is the highest common factor of t and 35?
7
Let c = -329 - -483. Let p = c - 138. Calculate the greatest common factor of 104 and p.
8
Let g be 2/(-6)*240/(-16). Suppose -5*z + 3*c - 1 = -4*z, 3*c - 49 = -g*z. Calculate the greatest common factor of 1256 and z.
8
Let g(s) = s**3 + 10*s**2 - 3*s - 5. Let w(u) = -22 + 12 - 2*u**2 + u + 5*u. Let v be w(3). Let r be g(v). Calculate the highest common divisor of r and 5.
5
Let a = 79 + -78. Suppose 3*i + 80 = -2*i + 2*g, 0 = 4*g + 20. Let h = a - i. Calculate the greatest common factor of h and 19.
19
Suppose 2*s - 9 = -3*z, -z + 4 - 1 = 0. Let d(l) = 28*l + 6. Let h be d(s). Calculate the greatest common divisor of 1 and h.
1
Let a = -29245 + 42583. Calculate the highest common divisor of 54 and a.
54
Let q = -58 - -65. Suppose 0 = -4*j - 1 - q. Let l be (-4)/(-6)*-7*6/j. Calculate the greatest common divisor of l and 126.
14
Let k be (-1608)/(-15) + -1*1/5. Suppose k*o + 56 = 115*o. Calculate the greatest common divisor of o and 119.
7
Let x be (82782/(-15) + 0)/((-24)/120). Calculate the highest common factor of 252 and x.
126
Let u be 16/(-8) + (0 - -68). Let a be (2 - (-48)/(-15))/(3/(-30)). Suppose r - a = -r. What is the greatest common divisor of u and r?
6
Suppose 4*z - z = 0, -4*z = d - 169. Let b = -145 + d. Calculate the highest common factor of 16 and b.
8
Suppose 0 = -11*u + 2*u - 45. Let g be (u/(-10))/((-2)/(-16)). Suppose -5*o = -g*o - q - 7, 12 = -4*q. Calculate the greatest common divisor of o and 36.
4
Suppose 2*h = -6*h + 24. Suppose 0 = -h*k + 71 + 4. Suppose -5*y + 4*d = -145, 3*y + 7*d = 10*d + 90. Calculate the greatest common divisor of y and k.
25
Suppose 14325 = -11*a + 26*a. Calculate the highest common divisor of 1719 and a.
191
Let u(p) = -6*p**3 - 135*p**2 + 67*p - 29. Let l be u(-23). What is the greatest common factor of l and 14059?
17
Suppose 8*p - 13*p + 5*b = -115, -2*p + 46 = -4*b. Suppose -v + 5*d = -p, 4*d - 8 = -v - 3. Calculate the greatest common factor of v and 3.
1
Let i = 584 - 181. Let 